555 and 55.
55
What is the highest common factor of 425799 and 2904?
363
What is the highest common factor of 70 and 10510?
10
What is the highest common factor of 276597 and 1314?
657
Calculate the greatest common divisor of 1075640 and 120.
40
What is the highest common divisor of 3048 and 26808?
24
Calculate the highest common factor of 606462 and 854.
122
What is the greatest common factor of 195 and 121440?
15
What is the highest common divisor of 217070 and 14176?
886
What is the greatest common divisor of 881701 and 545?
109
What is the highest common factor of 1008 and 405846?
126
What is the highest common factor of 33159 and 42?
21
What is the highest common factor of 44920 and 120?
40
Calculate the greatest common factor of 67748 and 4.
4
Calculate the greatest common factor of 145975 and 125.
25
Calculate the highest common factor of 12 and 41444.
4
Calculate the greatest common factor of 40586 and 49.
7
Calculate the greatest common divisor of 103122 and 204.
102
What is the greatest common factor of 306 and 7542?
18
What is the greatest common divisor of 434275 and 1225?
25
Calculate the greatest common divisor of 500 and 2168000.
500
Calculate the highest common divisor of 82080 and 19.
19
Calculate the highest common divisor of 228870 and 72.
18
What is the highest common factor of 1175 and 29093?
47
Calculate the highest common divisor of 105 and 11145.
15
Calculate the highest common factor of 60 and 4507720.
20
Calculate the highest common divisor of 805 and 632040.
115
What is the highest common factor of 336 and 1093680?
336
Calculate the highest common divisor of 44 and 500236.
44
Calculate the highest common factor of 66893 and 10117.
151
What is the highest common divisor of 804602 and 1703?
131
What is the highest common divisor of 879384 and 396?
132
What is the greatest common divisor of 2998238 and 57?
19
What is the greatest common divisor of 9063 and 99?
9
What is the greatest common divisor of 174 and 2727682?
58
What is the greatest common factor of 1402918 and 22?
22
What is the highest common divisor of 276 and 3506028?
276
Calculate the highest common divisor of 979 and 21989.
11
What is the greatest common divisor of 453 and 5285?
151
What is the highest common factor of 524565 and 405?
45
Calculate the highest common divisor of 201990 and 300.
30
What is the highest common factor of 2862 and 10759?
53
What is the highest common factor of 1210 and 432520?
110
Calculate the greatest common factor of 5390 and 330.
110
What is the greatest common factor of 25 and 87395?
5
What is the greatest common divisor of 49 and 69384?
49
Calculate the highest common factor of 3800 and 2655250.
950
Calculate the greatest common divisor of 50 and 437100.
50
Calculate the highest common divisor of 286 and 7202.
26
What is the highest common divisor of 18 and 31802?
2
Calculate the greatest common divisor of 104650 and 2730.
910
Calculate the greatest common factor of 2200 and 23760.
440
What is the highest common divisor of 1085 and 8750?
35
Calculate the greatest common factor of 1703 and 12183.
131
What is the greatest common factor of 144 and 3312?
144
What is the greatest common divisor of 12 and 51438?
6
What is the highest common factor of 281325 and 7161?
1023
What is the highest common divisor of 2613193 and 44?
11
What is the highest common factor of 4 and 26016?
4
What is the highest common factor of 61984 and 416?
416
Calculate the greatest common divisor of 6812 and 182.
26
Calculate the greatest common factor of 1050 and 31430.
70
What is the greatest common factor of 18966 and 957?
87
What is the greatest common factor of 592 and 16650?
74
Calculate the greatest common factor of 9804 and 646.
38
Calculate the highest common divisor of 36 and 33462.
18
What is the highest common factor of 102 and 155499?
51
Calculate the highest common divisor of 2656 and 8383.
83
What is the greatest common divisor of 4238 and 58?
2
What is the greatest common factor of 1388 and 1444214?
694
Calculate the highest common divisor of 405 and 40797.
27
What is the highest common factor of 3122 and 112?
14
What is the greatest common factor of 6057918 and 18?
18
Calculate the highest common factor of 75766 and 258.
86
Calculate the highest common factor of 240572 and 548.
548
What is the greatest common divisor of 18382 and 1149582?
1414
Calculate the greatest common factor of 236 and 41890.
118
What is the highest common factor of 414 and 4462?
46
Calculate the greatest common factor of 20552 and 434.
14
What is the highest common divisor of 108 and 14292?
36
What is the highest common divisor of 12376307 and 67?
67
What is the highest common factor of 255647 and 413?
413
Calculate the highest common factor of 503 and 739.
1
What is the greatest common divisor of 3321 and 3895?
41
Calculate the greatest common factor of 883456 and 1160.
232
Calculate the greatest common factor of 845 and 23491.
169
What is the highest common divisor of 163577 and 74?
37
What is the greatest common factor of 110 and 1401180?
110
Calculate the greatest common divisor of 41 and 3742972.
41
Calculate the highest common divisor of 31050 and 368.
46
What is the greatest common factor of 510340 and 3145?
85
Calculate the highest common divisor of 5134 and 1394.
34
Calculate the highest common divisor of 213 and 1884.
3
What is the highest common factor of 67 and 588193?
67
Calculate the highest common factor of 147473 and 267.
89
What is the greatest common divisor of 2503 and 17?
1
What is the greatest common divisor of 19 and 44175?
19
Calculate the highest common divisor of 14818 and 57838.
478
What is the highest common divisor of 2188505 and 165?
55
Calculate the greatest common divisor of 294259 and 27559.
889
Calculate the greatest common factor of 1 and 7131.
1
What is the greatest common divisor of 154425 and 7881?
213
Calculate the highest common divisor of 3111 and 2379.
183
What is the highest common divisor of 1302 and 3348?
186
Calculate the greatest common factor of 746 and 330851.
373
What is the greatest common divisor of 579215 and 95?
95
Calculate the greatest common divisor of 59484 and 336.
12
Calculate the highest common divisor of 432 and 8136.
72
Calculate the highest common factor of 134097 and 3.
3
What is the highest common divisor of 253 and 1210?
11
Calculate the highest common divisor of 594361 and 5066.
149
Calculate the highest common divisor of 2282 and 338.
2
What is the greatest common factor of 234378 and 1566?
522
Calculate the greatest common divisor of 2739 and 22908.
249
What is the greatest common factor of 9 and 74391?
3
Calculate the highest common factor of 330 and 3345.
15
Calculate the greatest common factor of 2541 and 44.
11
Calculate the greatest common divisor of 85 and 61395.
5
What is the greatest common divisor of 45 and 500?
5
What is the highest common factor of 5324301 and 141?
141
What is the highest common divisor of 716131 and 31?
31
Calculate the greatest common factor of 56356 and 292.
292
What is the greatest common divisor of 1066302 and 27?
9
Calculate the highest common factor of 12816 and 384.
48
What is the greatest common divisor of 2 and 16406?
2
Calculate the greatest common factor of 644 and 9828.
28
What is the highest common divisor of 1211679 and 567?
567
Calculate the highest common factor of 99 and 1122330.
33
Calculate the greatest common factor of 2143262 and 814.
814
What is the highest common divisor of 9548 and 3038?
434
Calculate the highest common divisor of 18 and 227403.
9
Calculate the greatest common divisor of 1221020 and 40.
20
What is the greatest common factor of 728 and 156338?
182
Calculate the greatest common divisor of 26 and 106691.
13
Calculate the greatest common divisor of 574 and 5138.
14
Calculate the highest common factor of 119 and 21709.
17
What is the highest common divisor of 1968 and 27?
3
Calculate the greatest common divisor of 960 and 5100.
60
What is the greatest common divisor of 75119 and 22?
11
What is the greatest common divisor of 156 and 5004?
12
Calculate the highest common factor of 1937 and 3991.
13
Calculate the greatest common divisor of 3929400 and 296.
296
What is the greatest common factor of 2748 and 515708?
916
Calculate the 